{"id":94,"date":"2017-06-27T20:46:41","date_gmt":"2017-06-27T19:46:41","guid":{"rendered":"http:\/\/conseilfrancaisducerveau.org\/?page_id=94"},"modified":"2017-06-29T16:29:24","modified_gmt":"2017-06-29T15:29:24","slug":"membres-dhonneur","status":"publish","type":"page","link":"http:\/\/conseilfrancaisducerveau.org\/index.php\/presentation\/qui-sommes-nous\/membres-dhonneur\/","title":{"rendered":"Membres d&#8217;honneur"},"content":{"rendered":"<p>Le FBC compte un certain nombre de membre d&#8217;honneur, distingu\u00e9s pour leur contribution exceptionnelle dans le domaine:<\/p>\n<ul>\n<li>Jo\u00ebl Bockaert est professeur \u00e9m\u00e9rite \u00e0 l&#8217;universit\u00e9 de Montpellier.\n<div class=\"mceTemp\">\n<ul id=\"attachment_95\" class=\"wp-caption alignleft\" style=\"width: 142px;\"><img loading=\"lazy\" class=\" wp-image-95\" src=\"http:\/\/conseilfrancaisducerveau.org\/wp-content\/uploads\/2017\/06\/Bockaert-219x300.jpg\" alt=\"\" width=\"132\" height=\"181\" srcset=\"http:\/\/conseilfrancaisducerveau.org\/wp-content\/uploads\/2017\/06\/Bockaert-219x300.jpg 219w, http:\/\/conseilfrancaisducerveau.org\/wp-content\/uploads\/2017\/06\/Bockaert-768x1051.jpg 768w, http:\/\/conseilfrancaisducerveau.org\/wp-content\/uploads\/2017\/06\/Bockaert-748x1024.jpg 748w, http:\/\/conseilfrancaisducerveau.org\/wp-content\/uploads\/2017\/06\/Bockaert.jpg 1008w\" sizes=\"(max-width: 132px) 100vw, 132px\" \/>Jo\u00ebl Bockaert<\/ul>\n<\/div>\n<p>Il s&#8217;est consacr\u00e9 \u00e0 l&#8217;\u00e9tude des m\u00e9canismes mol\u00e9culaires de la communication intercellulaire et plus particuli\u00e8rement aux m\u00e9canismes de transduction des r\u00e9cepteurs coupl\u00e9s aux prot\u00e9ines G (RCPG) dans le syst\u00e8me nerveux central.Son \u00e9quipe a d\u00e9couvert plusieurs RCPG , dont les r\u00e9cepteurs m\u00e9tabotropiques du glutamate et les r\u00e9cepteurs 5-HT4 de la s\u00e9rotonine. Il est actuellement directeur du P\u00f4le Biologie-Sant\u00e9 Rabelais de Montpellier <a class=\"moz-txt-link-freetext\" href=\"https:\/\/www.polebiosante-rabelais.fr\">https:\/\/www.polebiosante-rabelais.fr<\/a><\/li>\n<li>Jean-Antoine Girault<\/li>\n<li>Jean Mariani<\/li>\n<li>Genevi\u00e8ve Rougon est Directeur de Recherche Emerite \u00a0CNRS \u00e0 Marseille.\n<div id=\"attachment_121\" style=\"width: 163px\" class=\"wp-caption alignleft\"><img aria-describedby=\"caption-attachment-121\" loading=\"lazy\" class=\"wp-image-121\" src=\"http:\/\/conseilfrancaisducerveau.org\/wp-content\/uploads\/2017\/06\/Rougon-264x300.jpg\" alt=\"\" width=\"153\" height=\"174\" srcset=\"http:\/\/conseilfrancaisducerveau.org\/wp-content\/uploads\/2017\/06\/Rougon-264x300.jpg 264w, http:\/\/conseilfrancaisducerveau.org\/wp-content\/uploads\/2017\/06\/Rougon.jpg 376w\" sizes=\"(max-width: 153px) 100vw, 153px\" \/><p id=\"caption-attachment-121\" class=\"wp-caption-text\">Genevi\u00e8ve Rougon<\/p><\/div>\n<p>Ses\u00a0\u00a0travaux ont port\u00e9 sur la d\u00e9couverte de mol\u00e9cules et m\u00e9canismes\u00a0qui contr\u00f4lent la pousse et le guidage axonal et comment\u00a0leur d\u00e9r\u00e9gulation peut conduire \u00e0 des situations pathologiques.\u00a0\u00a0Elle a \u00e9t\u00e9\u00a0directeur scientifique adjoint du D\u00e9partement des sciences de la Vie du CNRS et est actuellement r\u00e9f\u00e9rente scientifique pour les Neurosciences \u00e0 l&#8217;ANR.<\/li>\n<\/ul>\n<p>&nbsp;<\/p>\n<p>&nbsp;<\/p>\n","protected":false},"excerpt":{"rendered":"<p>Le FBC compte un certain nombre de membre d&#8217;honneur, distingu\u00e9s pour leur contribution exceptionnelle dans le domaine: Jo\u00ebl Bockaert est professeur \u00e9m\u00e9rite \u00e0 l&#8217;universit\u00e9 de Montpellier. Jo\u00ebl Bockaert Il s&#8217;est <a class=\"more-link\" href=\"http:\/\/conseilfrancaisducerveau.org\/index.php\/presentation\/qui-sommes-nous\/membres-dhonneur\/\">Lire la suite \u2192<\/a><\/p>\n","protected":false},"author":1,"featured_media":0,"parent":17,"menu_order":0,"comment_status":"closed","ping_status":"closed","template":"","meta":[],"_links":{"self":[{"href":"http:\/\/conseilfrancaisducerveau.org\/index.php\/wp-json\/wp\/v2\/pages\/94"}],"collection":[{"href":"http:\/\/conseilfrancaisducerveau.org\/index.php\/wp-json\/wp\/v2\/pages"}],"about":[{"href":"http:\/\/conseilfrancaisducerveau.org\/index.php\/wp-json\/wp\/v2\/types\/page"}],"author":[{"embeddable":true,"href":"http:\/\/conseilfrancaisducerveau.org\/index.php\/wp-json\/wp\/v2\/users\/1"}],"replies":[{"embeddable":true,"href":"http:\/\/conseilfrancaisducerveau.org\/index.php\/wp-json\/wp\/v2\/comments?post=94"}],"version-history":[{"count":5,"href":"http:\/\/conseilfrancaisducerveau.org\/index.php\/wp-json\/wp\/v2\/pages\/94\/revisions"}],"predecessor-version":[{"id":123,"href":"http:\/\/conseilfrancaisducerveau.org\/index.php\/wp-json\/wp\/v2\/pages\/94\/revisions\/123"}],"up":[{"embeddable":true,"href":"http:\/\/conseilfrancaisducerveau.org\/index.php\/wp-json\/wp\/v2\/pages\/17"}],"wp:attachment":[{"href":"http:\/\/conseilfrancaisducerveau.org\/index.php\/wp-json\/wp\/v2\/media?parent=94"}],"curies":[{"name":"wp","href":"https:\/\/api.w.org\/{rel}","templated":true}]}}